-3*p + 29. Calculate h(11).
-4
Let y(b) = -b**2 - 9*b + 1. Give y(-8).
9
Let p(f) = -5*f + 14. Calculate p(5).
-11
Let g(q) = -q**2 + 10*q - 6. Calculate g(8).
10
Let i(y) = y**2 + 8*y - 9. Determine i(-9).
0
Let z(i) = i**2 + 5*i + 12. Give z(-5).
12
Let y(g) = g**2 + 14*g + 5. Calculate y(-12).
-19
Let i(o) = 4*o + 260. Calculate i(-66).
-4
Let h(i) = -10*i - 5. Calculate h(-3).
25
Let p(n) = n**3 + 6*n**2 - 16*n - 4. Calculate p(-8).
-4
Let t(u) = -6*u + 160. Give t(27).
-2
Let r(a) = a**2 + 40*a + 383. Determine r(-24).
-1
Let t(i) = -i**2 + 14*i + 14. Calculate t(10).
54
Let p(q) = -9*q + 33. Give p(12).
-75
Let u(j) = 6*j - 2. What is u(-2)?
-14
Let d(q) = -q**3 + 2*q**2 + 3*q. Give d(3).
0
Let d(b) = -b**2 + 38*b - 347. Give d(16).
5
Let o(m) = 2*m - 6. What is o(4)?
2
Let g(h) = -6*h + 2. Determine g(3).
-16
Let w(f) = f**3 + 7*f**2 - 22*f + 7. Give w(-9).
43
Let g(r) = 4*r**3 + 20*r**2 + 11. Determine g(-5).
11
Let l(a) = -a**2 + a + 35. What is l(0)?
35
Let g(x) = x**3 + 7*x**2 + 4*x + 2. Calculate g(-4).
34
Let m(b) = -3*b - 9. Determine m(-8).
15
Let o(z) = -z - 21. Give o(-25).
4
Let z(p) = p**3 - 4*p**2 - p + 12. What is z(5)?
32
Let u(g) = -g**2 + 3*g + 3. Give u(5).
-7
Let i(b) = -2*b**3 + 5*b**2 + 30*b - 87. Determine i(3).
-6
Let q(d) = -13*d - 4. Give q(-3).
35
Let b(q) = -q**3 + 6*q**2 + q - 2. What is b(6)?
4
Let p(q) = 21*q + 23. Calculate p(0).
23
Let n(w) = 3*w - 13. Calculate n(3).
-4
Let x(a) = -a**2 - 8*a + 15. Calculate x(-8).
15
Let b(p) = p**3 - 5*p**2 + 4*p - 1. Give b(5).
19
Let k(y) = 9*y**2 + 24*y + 9. Give k(-4).
57
Let v(m) = -38*m - 1. What is v(-1)?
37
Let x(s) = -s**3 - 5*s**2 + 4*s - 6. Give x(-6).
6
Let m(t) = -2*t**3 - 49*t**2 - 24*t + 10. Determine m(-24).
10
Let v(c) = -c**3 - 12*c**2 - 21*c - 15. Determine v(-10).
-5
Let u(k) = k**3 + 2*k**2 + 1. Give u(-3).
-8
Let s(w) = -w**2 - 10*w - 9. Determine s(-5).
16
Let i(s) = -3*s**2 + 10*s + 5. Give i(4).
-3
Let q(d) = -d**2 - 4*d + 15. Determine q(-7).
-6
Let n(s) = -s**2 - 30*s + 18. Give n(0).
18
Let i(v) = 3*v**3 + 2*v**2 + v - 7. Calculate i(-2).
-25
Let y(x) = -x**3 + 6*x**2 - 3*x + 8. Calculate y(6).
-10
Let y(d) = d**3 - 13*d + 13. What is y(3)?
1
Let c(m) = -m**3 + 8*m**2 + 8*m + 19. What is c(9)?
10
Let z(y) = y + 16. Give z(8).
24
Let o(m) = -5*m**2 + 6*m - 10. Calculate o(3).
-37
Let g(c) = -2*c**2 - 2*c + 1. Calculate g(1).
-3
Let w(q) = -58*q**2 + 2*q. What is w(-1)?
-60
Let h(s) = -s**3 + 9*s**2 + 15*s + 11. What is h(11)?
-66
Let w(k) = -6*k + 5. What is w(6)?
-31
Let i(q) = -q**2 - 6*q + 42. What is i(4)?
2
Let w(s) = -2*s**3 + 3*s**2 + 2*s - 5. What is w(-2)?
19
Let w(b) = b**3 - 14*b**2 + 12*b + 6. Calculate w(13).
-7
Let f(g) = g - 8. Give f(-10).
-18
Let k(y) = y**3 + 7*y**2 - 7*y + 3. Determine k(-8).
-5
Let r(d) = 3*d**3 - 17*d**2 - 8*d + 12. Determine r(6).
0
Let b(f) = -f**2 - 6*f + 19. Determine b(-9).
-8
Let q(l) = 2*l - 5. What is q(8)?
11
Let n(f) = f**3 + 17*f**2 - 20*f - 33. Give n(-18).
3
Let m(w) = 2*w**2 + 4*w - 4. Calculate m(-4).
12
Let g(m) = -16*m**2 + 145*m - 1. Calculate g(9).
8
Let q(r) = -r**3 - 11*r**2 + 4*r - 65. Calculate q(-12).
31
Let b(y) = y**2 + 27*y - 44. Determine b(-29).
14
Let y(w) = -w**3 - 6*w**2 + 4*w + 7. Give y(-5).
-38
Let q(l) = l**3 + 12*l**2 - 12*l + 22. Give q(-13).
9
Let l(x) = x**3 + x - 7. What is l(0)?
-7
Let h(n) = 17*n**3 - 2*n**2 - n. What is h(-1)?
-18
Let l(w) = -24*w**3 + w. What is l(1)?
-23
Let q(m) = 2*m**2 - m - 1. Give q(4).
27
Let v(z) = 2*z**3 - 13*z**2 + 42. Give v(6).
6
Let w(x) = 3*x**2 + 9*x - 3. Give w(-3).
-3
Let g(t) = 4*t + 12. What is g(3)?
24
Let q(r) = r**2 - 9*r + 11. Determine q(9).
11
Let p(t) = t**2 - 14*t + 6. Calculate p(12).
-18
Let w(r) = 8*r - 1. Give w(7).
55
Let j(x) = 2*x**2 + 12*x - 49. What is j(-9)?
5
Let r(z) = 26*z + 15. Determine r(-1).
-11
Let x(l) = -l**3 + 6*l**2 - 7*l + 3. Calculate x(2).
5
Let p(z) = z**2 + 5*z - 4. What is p(-7)?
10
Let c(x) = -x**2 + 4*x + 16. What is c(7)?
-5
Let f(q) = 12*q + 167. What is f(-16)?
-25
Let w(s) = s**2 - 6*s - 7. Calculate w(-5).
48
Let m(a) = -3*a**3 + 30*a**2 - 7*a + 69. Give m(10).
-1
Let b(n) = -5*n - 20. What is b(-4)?
0
Let r(q) = -q**3 + 7*q**2 - 11. Give r(7).
-11
Let s(x) = x**2 - 11*x - 1. Give s(8).
-25
Let h(i) = -10*i + 15. What is h(6)?
-45
Let v(o) = -2*o - 32. Determine v(-14).
-4
Let r(w) = 2*w**3 - 43*w**2 - 25*w + 42. Calculate r(22).
-24
Let l(m) = -3*m + 1. Calculate l(-4).
13
Let q(m) = -m**3 - 3*m**2 + 8*m + 9. Give q(-4).
-7
Let x(a) = 3*a + 7. Give x(-3).
-2
Let z(b) = -b**2 - 25*b - 64. Determine z(-22).
2
Let l(s) = -2*s**3 - 4*s**2 + 4. What is l(-3)?
22
Let m(f) = f**3 - 8*f - 2. What is m(3)?
1
Let v(i) = 11*i**2 - i - 1. What is v(-1)?
11
Let n(l) = 24*l + 189. What is n(-8)?
-3
Let g(c) = c - 84. What is g(10)?
-74
Let h(l) = -l**2 - 14*l - 9. Give h(-14).
-9
Let w(x) = 7*x**2 - 1. Calculate w(1).
6
Let y(v) = -v - 14. Determine y(11).
-25
Let s(q) = q**2 - 4*q + 6. Determine s(-5).
51
Let r(c) = c**3 - 1. What is r(0)?
-1
Let v(a) = -20*a + 96. Give v(9).
-84
Let j(k) = -k**3 - 3*k**2 + 3*k - 2. Determine j(2).
-16
Let s(i) = i**3 - 7*i**2 + 4*i + 16. What is s(6)?
4
Let y(f) = -f**3 - 4*f**2 + 8. What is y(-3)?
-1
Let g(o) = o**3 - 8*o**2 - 3*o + 2. Calculate g(8).
-22
Let m(w) = w**2 + 3*w - 31. Determine m(-7).
-3
Let g(n) = -2*n**2 + 13*n - 7. What is g(6)?
-1
Let p(n) = 10*n + 162. Calculate p(-17).
-8
Let t(n) = 2*n + 14. What is t(-7)?
0
Let u(z) = z**3 + 8*z**2 + 10*z - 11. Determine u(-5).
14
Let t(b) = b**3 + 8*b**2 + 8*b + 4. What is t(-7)?
-3
Let r(a) = a**3 - 16*a**2 - 52*a - 91. Determine r(19).
4
Let m(y) = 4*y**3 - 16*y**2 - 8*y + 4. Give m(5).
64
Let s(p) = p**3 - 6*p**2 - 4*p - 6. Calculate s(6).
-30
Let j(i) = 2*i**3 - 2*i**2 + 6*i - 6. Give j(3).
48
Let h(r) = -3*r**2 + 49*r - 1. Determine h(20).
-221
Let s(i) = 4*i - 20. Calculate s(6).
4
Let q(x) = 13*x + 2. Calculate q(-1).
-11
Let u(w) = -w**3 - 6*w**2 - 2*w + 1. Determine u(-5).
-14
Let l(k) = 3*k**3 - 3*k**2 - 2*k + 2. Determine l(-2).
-30
Let f(g) = -2*g**3 + 2*g**2 + 5*g - 3. Calculate f(3).
-24
Let q(k) = -k**2 + 6*k + 26. What is q(9)?
-1
Let c(r) = r + 29. Calculate c(-23).
6
Let k(l) = -l + 5. Calculate k(16).
-11
Let q(v) = -40*v**3 + v. Calculate q(1).
-39
Let x(z) = -10*z + 130. Give x(14).
-10
Let b(a) = a**3 + 5*a**2 - 2*a - 11. Determine b(-5).
-1
Let y(o) = -o - 1. What is y(1)?
-2
Let i(r) = -r**3 + 7*r**2 - 11*r + 5. Give i(5).
0
Let a(w) = -w**2 - w + 2. Calculate a(-2).
0
Let f(s) = s**3 + 5*s**2 + 4*s - 7. What is f(-3)?
-1
Let v(r) = r**3 + 7*r**2 + 4*r - 9. Determine v(-7).
-37
Let g(o) = -o**3 - 2*o**2 + 3*o - 5. Give g(-4).
15
Let p(k) = -k**2 - 26*k + 20. Calculate p(-27).
-7
Let u(q) = -q**2 - 4*q + 10. Calculate u(-5).
5
Let m(f) = -f**3 + 30*f**2 + f - 44. Give m(30).
-14
Let s(z) = z**3 - 4*z**2 + 8*z - 3. Calculate s(2).
5
Let r(t) = -t**2 - 5*t - 6. What is r(-5)?
-6
Let f(t) = t**3 - 9*t**2 + 2*t + 15. What is f(9)?
33
Let g(o) = -o**3 + 11*o**2 + 2*o - 4. Give g(11).
18
Let f(b) = 2*b**2 + 18*b + 38. What is f(-3)?
2
Let q(r) = 2*r**2 - r - 37. Calculate q(5).
8
Let s(x) = -2*x**3 + 19*x**2 - 6*x - 38. Give s(9).
-11
Let f(j) = -j**3 - 8*j**2 - 11*j + 4. Determine f(-6).
-2
Let o(s) = -s - 10. Give o(4).
-14
Let v(q) = -q**3 - 5*q**2 + 8*q + 20. Calculate v(-6).
8
Let d(x) = -3*x**2 - 33*x + 14. What is d(-11)?
14
Let s(w) = 27*w**2 - 2. What is s(-1)?
25
Let c(n) = 16*n**2 - 5*n - 2. Give c(-1).
19
Let t(i) = 2*i + 6. Calculate t(-2).
2
Let y(f) = f**2 - 16*f + 84. Give y(7).
21
Let g(v) = -2*v**2 + 25*v + 6. Determine g(13).
-7
Let l(x) = -2*x**3 + 4*x**2 - 2*x - 1. Calculate l(2).
-5
Let i(a) = -4*a - 1. Determine i(4).
-17
Let b(k) = 13*k - 8. Calculate b(-4).
-60
Let o(z) = 3*z + 7. Give o(9).
34
Let z(p) = -2*p - 5. What is z(-3)?
1
Let t(a) = a + 2. Calculate t(-11).
-9
Let s(y) = -30*y**3 + 2*y + 1. What is s(-1)?
29
Let x(g) = -g**2 - 19*g - 20. What is x(-17)?
14
Let v(y) = 2*y**2 - 44*y + 4. Give v(22).
4
Let f(d) = d + 24. Determine f(-30).
-6
Let c(g) = -2*g**2 + 16. Determine c(-5).
-34
Let s(g) = 8*g**2 + 77*g - 45. Calculate s(-10).
-15
Let o(v) = v**2 - 19*v + 15. Give o(14).
-55
Let h(j) = 2*j + 16. Give h(-11).
-6
Let v(l) = 3*l + 5. Give v(5).
